- l = -2*a - 2*c. Is a composite?
False
Suppose -1 - 11 = -4*h. Is (h/(-9) - -5)/((-4)/(-894)) a prime number?
False
Let h(t) = 6*t + 3*t**2 + 4*t**2 - 4*t**2 - 4. Is h(9) a prime number?
True
Let c(r) = -2*r**2 + 19. Let g be c(-7). Let h = g - -132. Is h a prime number?
True
Suppose -2*h - 3*h = 3*x + 19, -5*x = -4*h + 7. Let s = -2 - h. Suppose 4*o + s*o = 364. Is o prime?
False
Suppose 1 = r + 4, -5*n = -5*r - 30. Let d(g) = -4*g + 138 + n*g + 166 + 93. Is d(0) a composite number?
False
Suppose -r + 3*p = -19, -2*r - 9*p + 14*p = -33. Suppose 5*o - 23 = 2. Suppose -r*w - 201 = -o*w. Is w composite?
True
Suppose 1 = 4*a - 3. Let o(f) = 3*f + 9*f**2 - 7 + a + 1. Is o(-4) composite?
False
Suppose 2229 = 3*q - 3*c, 724 + 2979 = 5*q - 2*c. Let w = 1232 - q. Is w a composite number?
True
Let i(l) = 285*l**2 - 5 - 279*l**2 - 4*l**3 - 2*l + 3*l**3. Is i(4) a composite number?
False
Let s = 58 + -96. Is 2669/3 - s/(-57) a composite number?
True
Suppose 3*v + 1237 + 1492 = -5*a, 5*v + 4605 = 3*a. Let x(u) = -u**2 - 9*u + 8. Let k be x(20). Let h = k - v. Is h a composite number?
True
Let k = 41682 - 29261. Is k composite?
False
Let v = 9 + -3. Suppose -2*w - 4*x - 8 = -v*w, -2*w - 5*x = -11. Suppose -3*c = -w*q - 54, -9 = -q - 2*q. Is c composite?
True
Suppose 19 - 22 = l. Let q be ((-28)/6)/(2/l). Let x = q - -32. Is x composite?
True
Let d(b) = 19*b**2 + 31*b + 29. Is d(-12) a composite number?
False
Is 130/(-78)*-1*6927 a prime number?
False
Let s(v) = -v - 2. Let t be s(-4). Suppose 0 = -3*f + t*f + 77. Is f composite?
True
Suppose -4*x = w + 3*w - 24, w = -4*x + 39. Let v(l) = -15*l + l**2 + 26*l + 0*l**2 - 3. Is v(x) a prime number?
True
Suppose 4*q + 116 = -4*k, -4*q - 10 = k + 7. Let f be (-6838)/(-6) + 22/k. Suppose -2*t = -155 - f. Is t prime?
True
Is 2628 + -1 + (-8 - -4) prime?
False
Is (-1618)/6*(-3 + -3 + 3) a prime number?
True
Let f = -778 - -2937. Is f prime?
False
Let j(c) be the second derivative of 6*c**4 - 5*c**3/6 - 5*c**2/2 + 8*c. Is j(-2) a prime number?
True
Suppose -y - 48224 = 4*b - 5*b, -3*b = 3*y - 144654. Is b prime?
True
Let g = -2096 + 4039. Is g prime?
False
Suppose -3*y - 4 = -4*y. Suppose -z + 6*i + 13 = y*i, 2*z - i = 35. Is z a prime number?
True
Suppose 0*y = -2*y + d + 239, -3*d = -5*y + 598. Suppose -2*q + 5*z + 9 = 0, -q + 5*z = z - 6. Suppose q*t = 2*c - t - 274, -c + y = 3*t. Is c a prime number?
True
Suppose 3*k - k + 5*s + 28 = 0, 5*s + 24 = -k. Is 87*((-48)/(-126) - k/14) a prime number?
False
Let j be -78 + 3*(2 + -5)/(-3). Let c be 3546/22 + (-2)/11. Let s = c + j. Is s prime?
False
Let b be ((-3 - -6)*1)/3. Let g = b - -2. Is (74/(-8))/(g/(-12)) composite?
False
Let x = -5650 + 4024. Let l = -725 - x. Is l a composite number?
True
Let u(k) = -3*k + 169. Suppose -5*v - 2*q = -10, -2*q - 2*q + 20 = 0. Let p be u(v). Let i = p - 84. Is i composite?
True
Suppose 44*h - 6*h - 196346 = 0. Is h composite?
False
Is (1/3*-8182)/(4/(-6)) a composite number?
False
Let w(s) = -s**3 + 3*s**2 + s. Let o be w(3). Let q(z) = -780*z + 1. Let d be q(-1). Suppose 1347 = 5*t + o*j, 0*t + 5*j = 3*t - d. Is t prime?
False
Suppose 3*g - 8*g = 0. Let n be 4/54*24 - (-10)/45. Suppose g = n*t - 62. Is t composite?
False
Is (0 + 1)*(-1 - 0 - -1070) prime?
True
Let v = -2254 + 3957. Is v composite?
True
Let p be 9 + -3 + 2/2. Let o(c) = -4*c - 2 + 16*c**2 + 11*c + p*c**2 + c**2. Is o(-5) composite?
False
Suppose -t = 5*d + 2*t - 20, -2*t = 4*d - 16. Suppose 0 = -d*s + 23 - 55. Let n(i) = 23*i**2 - 9*i - 9. Is n(s) a prime number?
False
Let n = -4 + 1. Let b be -3*4/(-18)*n. Is 2 + b + (-130)/(-2) prime?
False
Suppose 0*g = -2*g - 4*n - 100, -n = -5*g - 294. Is 1/(-3 + g/(-19)) prime?
True
Let w be ((-1)/(-3))/((-6)/(-72)). Suppose -w*v - 24 = -0*v. Is 94*(2 + v/4) a prime number?
True
Let i(l) = -20*l**3 - 11*l**2 - 5*l - 1. Is i(-6) prime?
False
Let m(s) = -4*s**3 - 21*s**2 - 2*s - 26. Let r(l) = 2*l**3 + 11*l**2 + l + 13. Let f(j) = 4*m(j) + 7*r(j). Is f(-9) prime?
True
Let m(l) = -9*l + 53. Let g(y) = -22*y + 132. Let h(n) = 5*g(n) - 12*m(n). Suppose -x + 1 = -4*z + 4, 0 = x + 2*z + 27. Is h(x) composite?
True
Let z(b) = 42*b**2 + 4*b - 9. Let l = 33 - 29. Is z(l) composite?
True
Let j = 1173 - 560. Is j composite?
False
Let n = -11435 - -18480. Is n a prime number?
False
Let h(g) be the third derivative of g**4/12 + 4*g**3/3 + 5*g**2. Let k be h(10). Suppose -493 - k = -d. Is d a prime number?
True
Let v = 22 - 22. Suppose -2*i + 297 + 317 = v. Is i prime?
True
Suppose -5*x + g + 30506 = -113913, -5*g - 57786 = -2*x. Is x prime?
False
Let u = -5 - -9. Suppose u + 4 = -2*f. Let n(x) = -x**3 - 2*x**2 - 3*x + 5. Is n(f) composite?
True
Let q = 23250 - 11404. Is q composite?
True
Is (-254493)/(-6)*6/9 composite?
False
Suppose 5*a + 4*p = 28 - 6, 3*p = 4*a - 30. Suppose -20 = -4*w, -5*x + w = -0*x - 85. Is (118/a)/(3/x) a composite number?
True
Suppose 60*x - 36454 = 38*x. Is x a prime number?
True
Let v be 4*7/((-14)/(-4)). Suppose 3*l = k + 172, v*l = 3*l - 2*k + 294. Is l prime?
False
Suppose 3*a - 22 - 102 = -h, -4*a = -2*h - 152. Is -4*(-5)/a*1662 prime?
False
Suppose 4*x = 3*x + 2*i - 6, i = -5*x + 14. Suppose -p - 3*p + 10 = -x*m, 5*p = 3*m + 11. Suppose 414 = 5*w + k, 170 = m*w + 5*k - 74. Is w a composite number?
False
Suppose 18818 = 15*g - 611917. Is g a composite number?
True
Let f = 7 + -5. Suppose -2*h - 10 = -y - f, -y - 3*h = 2. Suppose 0 = 3*p + y*z - 1200 + 301, 2*z = -3*p + 889. Is p a prime number?
True
Let h be 9/4*(-40)/(-30). Suppose 148 = 3*m + 4*l, -5*l = h*m - 166 + 23. Suppose 0 = 4*j - m - 212. Is j a prime number?
True
Suppose 5*h - 4*f + 2*f = 89962, -35968 = -2*h + 5*f. Suppose 7*i = i + h. Is i a composite number?
False
Suppose -10 = -5*b, -7*h + 4*b + 14189 = -6*h. Is h prime?
True
Suppose 3*k + 9 = 0, 3*f + 3*k = 5*k + 27. Let c = 570 - f. Is c a prime number?
True
Suppose 4*t - 21 = -3*t. Suppose -b + 588 = -t*v + 2126, -2*v = b - 1017. Is v prime?
False
Let n(o) = 2 - 12*o**2 + 3*o**2 - 14*o + 12*o**2. Is n(11) composite?
False
Suppose -60*z - 24512 = -64*z. Suppose -4*x + z = 1804. Is x a composite number?
True
Suppose 2*k = 3*x + 4715, -x - 2 = -3. Is k prime?
False
Let r = -159 - -250. Let k = r + -28. Let c = k + 308. Is c a composite number?
True
Let b(n) = n**2 + 4*n - 2. Let l be b(-4). Is 1 - (l - (-2140)/(-2)) a composite number?
True
Let p(f) = f**3 + 17*f**2 - 3. Let b(c) = c**2. Let d(v) = 4*b(v) - p(v). Let s be d(-13). Suppose s*g - 266 = -7*o + 2*o, 5*o = g + 278. Is o a prime number?
False
Let x(o) be the third derivative of 7*o**5/30 + 3*o**4/4 - 19*o**3/6 + 11*o**2 - 1. Is x(-9) prime?
True
Suppose 2*r = 5*r - 5*t, -3*r + t = 0. Suppose r = -3*b - b - 5396. Let d = -882 - b. Is d a composite number?
False
Suppose 2*s = -4*w + w - 24, -3*w - 4*s - 30 = 0. Let b be 128/(-9) - ((-10)/(-45))/(-1). Is ((-796)/w)/(b/(-21)) a prime number?
True
Is (-3)/(6/(-38444)) + (-3)/1 prime?
True
Suppose -5*m - 3*w + 474 = 0, -2*m - 2*w = -w - 189. Is m prime?
False
Let o = 16 + -15. Is 412 + o + (-1 - 3) prime?
True
Suppose 0 = -38*q + 33*q + 5785. Is q composite?
True
Let x(j) = j**3 - j**2 - 19*j + 21. Is x(22) composite?
False
Let x(v) = 6*v + 3. Let t(q) = 2*q + 1. Let f(w) = -8*t(w) + 3*x(w). Suppose -30 = -4*c + 2*c. Is f(c) a composite number?
False
Let z(w) be the second derivative of 0 - 1/2*w**3 + w**2 - 5*w + 1/3*w**4. Is z(7) prime?
False
Let t(b) = 5*b**2 + 6*b + 8. Let u be t(-16). Suppose -2*x - 5*v = -566, 4*x - u = 4*v + v. Is x a composite number?
False
Suppose -9*l + 1717 = -20702. Is l a composite number?
True
Let k = -2787 - -6565. Is k prime?
False
Let h(q) = -q**3 + 29*q**2 - 40*q + 9. Is h(26) prime?
True
Is (-4)/(-10) - 408483/(-405) a composite number?
False
Suppose -5234 = 5*w + 806. Let z = 3261 + w. Is z composite?
False
Suppose -3*p + 6*x = x - 5449, 0 = -p + 5*x + 1803. Is p a prime number?
True
Let g = -848 + 1234. Let m = 187 + g. Is m composite?
True
Let g(s) = s**2 + 4*s + 4. Let o be g(-2). Suppose 2*r + 2*r - 24 = o. Suppose -1956 - 1386 = -r*l. Is l a prime number?
True
Suppose -3997 = -7*p + 5509. Suppose 0 = -3*l, p = 4*s - 2*s + 5*l. Is s a composite number?
True
Suppose 8 = -v - 5*b, b + 36 + 28 = 5*v. Suppose -3*f - x + 9 = 2*x, -4*f = -x - v. Su